{"id":70,"date":"2025-09-01T16:46:03","date_gmt":"2025-09-01T14:46:03","guid":{"rendered":"https:\/\/www.sabinemoyne.com\/?page_id=70"},"modified":"2025-09-01T16:46:03","modified_gmt":"2025-09-01T14:46:03","slug":"vous-etes-jeune-en-fin-detudes-un-accompagnement-sur-mesure","status":"publish","type":"page","link":"https:\/\/www.sabinemoyne.com\/index.php\/vous-etes-jeune-en-fin-detudes-un-accompagnement-sur-mesure\/","title":{"rendered":"Vous \u00eates jeune en fin d\u2019\u00e9tudes : un accompagnement sur mesure"},"content":{"rendered":"\n<p><\/p>\n\n\n\n<p>La p\u00e9riode de fin d\u2019\u00e9tudes est une \u00e9tape cl\u00e9 dans la construction d\u2019un avenir professionnel. Sabine Moyne vous propose un accompagnement personnalis\u00e9 pour transformer vos questionnements et vos ambitions en r\u00e9ussite concr\u00e8te.<\/p>\n\n\n\n<h2 class=\"wp-block-heading\" id=\"aide--la-cration-de-cv-et-lettre-de-motivation\">Aide \u00e0 la cr\u00e9ation de CV et lettre de motivation<\/h2>\n\n\n\n<p>Vous souhaitez valoriser votre parcours et vos comp\u00e9tences lors de vos candidatures ? Ensemble, nous travaillons \u00e0 la r\u00e9daction de CV percutants et de lettres de motivation convaincantes, adapt\u00e9es \u00e0 vos aspirations et aux attentes des recruteurs. L\u2019objectif : vous pr\u00e9senter sous votre meilleur jour, en mettant en avant vos atouts et votre potentiel.<\/p>\n\n\n\n<h2 class=\"wp-block-heading\" id=\"recherche-de-premier-stage-ou-emploi\">Recherche de premier stage ou emploi<\/h2>\n\n\n\n<p>Trouver un premier stage ou d\u00e9crocher son premier emploi, c\u2019est parfois le d\u00e9but d\u2019un vrai challenge. Je vous guide dans votre d\u00e9marche : analyse du march\u00e9, identification des opportunit\u00e9s, utilisation des r\u00e9seaux professionnels, pr\u00e9paration aux entretiens et strat\u00e9gie de candidature. Vous repartez avec des outils pratiques pour maximiser vos chances et prendre confiance en vos d\u00e9marches.<\/p>\n\n\n\n<h2 class=\"wp-block-heading\" id=\"orientation-et-rflexion-sur-votre-projet-professio\">Orientation et r\u00e9flexion sur votre projet professionnel<\/h2>\n\n\n\n<p>Mieux se conna\u00eetre pour mieux s\u2019orienter : c\u2019est la cl\u00e9 d\u2019un parcours \u00e9panouissant ! Vous vous interrogez sur vos choix ou votre projet professionnel ? Nous explorons ensemble vos valeurs, vos centres d\u2019int\u00e9r\u00eat et vos talents, gr\u00e2ce \u00e0 des m\u00e9thodes et des outils reconnus (bilan d\u2019orientation, tests, entretiens personnalis\u00e9s). L\u2019accompagnement vous permet de clarifier vos envies, vos priorit\u00e9s et de construire un projet solide, \u00e9clair\u00e9 par une vraie r\u00e9flexion sur l\u2019avenir.<\/p>\n\n\n\n<hr class=\"wp-block-separator has-alpha-channel-opacity\"\/>\n\n\n\n<h2 class=\"wp-block-heading\" id=\"tmoignage\">T\u00e9moignage<\/h2>\n\n\n\n<p>\u00ab Lors de mon dernier semestre \u00e0 l\u2019universit\u00e9, j\u2019\u00e9tais un peu perdu sur l\u2019orientation \u00e0 donner \u00e0 mon parcours. Sabine m\u2019a aid\u00e9 \u00e0 structurer mon projet, r\u00e9diger mon CV et pr\u00e9parer mes entretiens. Gr\u00e2ce \u00e0 son accompagnement bienveillant et ses conseils pratiques, j\u2019ai d\u00e9croch\u00e9 mon premier stage dans une entreprise qui correspond vraiment \u00e0 mes valeurs ! \u00bb \u2013 Lucas D.<\/p>\n\n\n\n<hr class=\"wp-block-separator has-alpha-channel-opacity\"\/>\n\n\n\n<h2 class=\"wp-block-heading\" id=\"prendre-contact\">Prendre contact<\/h2>\n\n\n\n<p>Envie d\u2019\u00eatre accompagn\u00e9(e) \u00e0 ce moment d\u00e9cisif ? Sabine Moyne est \u00e0 votre \u00e9coute pour un premier \u00e9change sur vos besoins et vos attentes. Contactez-moi d\u00e8s aujourd\u2019hui, via le <a href=\"https:\/\/www.sabinemoyne.com\/index.php\/contact\/\">formulaire du site<\/a> : il suffit d\u2019oser le premier pas pour donner un bel \u00e9lan \u00e0 votre carri\u00e8re.<\/p>\n\n\n\n<p><\/p>\n","protected":false},"excerpt":{"rendered":"<p>La p\u00e9riode de fin d\u2019\u00e9tudes est une \u00e9tape cl\u00e9 dans la construction d\u2019un avenir professionnel. Sabine Moyne vous propose un accompagnement personnalis\u00e9 pour transformer vos questionnements et vos ambitions en r\u00e9ussite concr\u00e8te. Aide \u00e0 la cr\u00e9ation de CV et lettre de motivation Vous souhaitez valoriser votre parcours et vos comp\u00e9tences lors de vos candidatures ? &hellip; <\/p>\n<p class=\"link-more\"><a href=\"https:\/\/www.sabinemoyne.com\/index.php\/vous-etes-jeune-en-fin-detudes-un-accompagnement-sur-mesure\/\" class=\"more-link\">Lire la suite de<span class=\"screen-reader-text\">\u00ab\u00a0Vous \u00eates jeune en fin d\u2019\u00e9tudes : un accompagnement sur mesure\u00a0\u00bb<\/span><\/a><\/p>\n","protected":false},"author":1,"featured_media":0,"parent":0,"menu_order":0,"comment_status":"closed","ping_status":"closed","template":"","meta":{"footnotes":""},"class_list":["post-70","page","type-page","status-publish","hentry"],"_links":{"self":[{"href":"https:\/\/www.sabinemoyne.com\/index.php\/wp-json\/wp\/v2\/pages\/70","targetHints":{"allow":["GET"]}}],"collection":[{"href":"https:\/\/www.sabinemoyne.com\/index.php\/wp-json\/wp\/v2\/pages"}],"about":[{"href":"https:\/\/www.sabinemoyne.com\/index.php\/wp-json\/wp\/v2\/types\/page"}],"author":[{"embeddable":true,"href":"https:\/\/www.sabinemoyne.com\/index.php\/wp-json\/wp\/v2\/users\/1"}],"replies":[{"embeddable":true,"href":"https:\/\/www.sabinemoyne.com\/index.php\/wp-json\/wp\/v2\/comments?post=70"}],"version-history":[{"count":1,"href":"https:\/\/www.sabinemoyne.com\/index.php\/wp-json\/wp\/v2\/pages\/70\/revisions"}],"predecessor-version":[{"id":71,"href":"https:\/\/www.sabinemoyne.com\/index.php\/wp-json\/wp\/v2\/pages\/70\/revisions\/71"}],"wp:attachment":[{"href":"https:\/\/www.sabinemoyne.com\/index.php\/wp-json\/wp\/v2\/media?parent=70"}],"curies":[{"name":"wp","href":"https:\/\/api.w.org\/{rel}","templated":true}]}}